) - -9. Suppose -z = c + 4*c - 1812, 3*c - 5*z - 1104 = 0. Calculate the highest common divisor of c and g.
33
Let p be (-6)/(18/(-14) + 1). Suppose -79*z - 101 = -80*z. Suppose 6*f = 25 + z. What is the greatest common divisor of p and f?
21
Let q be 3/(-3) + 3 - -1 - 0. Let x(s) = -3*s + 22. Let z be x(q). Suppose z*i - 1344 = -i. What is the greatest common factor of 64 and i?
32
Let t(r) = r**2 - 3*r - 1. Let q be t(4). Suppose -z + 136 = 4*y, -y = 4*z - q*y - 616. What is the highest common divisor of z and 19?
19
Suppose -4294 = -38*v + 4446. What is the highest common factor of 92 and v?
46
Let o = 1565 + -1490. Calculate the greatest common divisor of 600 and o.
75
Let g be (90/24)/((5/(-1940))/(-1)). Calculate the greatest common divisor of 15 and g.
15
Let r(p) = 2*p**3 + 90*p**2 - 75*p + 785. Let o be r(-46). What is the highest common factor of o and 4227?
3
Suppose -45617 + 21059 - 58092 = -174*b. What is the greatest common factor of b and 247?
19
Let w(n) be the first derivative of n**2/2 + 12*n - 26. Let l be 0 + 2 + -1 + -1. Let p be w(l). Calculate the highest common divisor of p and 96.
12
Suppose -5*n - 9*w + 10*w + 6106 = 0, n - 1202 = 5*w. Calculate the highest common divisor of n and 282.
94
Let l = 225 - -111. Let n = l + -301. What is the greatest common factor of 10 and n?
5
Let f = 193 + 159. What is the greatest common factor of 32 and f?
32
Let a = 229 + -231. Let s be (-4)/a*(-4)/4*-5. Calculate the greatest common factor of s and 310.
10
Suppose 0*a - 3*a + 6 = 0. Suppose 5*k - 15 = 4*b + a, 0 = k - b - 4. Let q be ((-165)/(-3))/(k - 0). What is the greatest common factor of q and 5?
5
Let x = 100 + -101. Let s(y) = -51*y - 19. Let a be s(x). Calculate the highest common factor of 32 and a.
32
Suppose 9*j + 16*j - 8400 = 0. Suppose 29*i = -19*i + j. What is the highest common divisor of i and 609?
7
Let v be 229 + -228 - 17*-1. Let m(y) = y**3 + 8*y**2 - 9*y + 8. Let j be m(-9). Calculate the greatest common divisor of v and j.
2
Let h = 8854 - 8578. What is the greatest common factor of h and 1863?
69
Let w(x) = -904*x + 6 + 1806*x + x**2 - 915*x. Let c be w(0). What is the greatest common divisor of 26 and c?
2
Suppose 10 = -5*b, -2*b - b + 885 = 3*v. Suppose 40 = 2*z + 621*j - 617*j, j + 53 = 3*z. What is the greatest common divisor of z and v?
9
Let f be 400/30 + -13 - 269278/(-6). Calculate the greatest common divisor of f and 187.
187
Let h(r) = -1230*r + 1. Let u be h(-1). Suppose u = 12*a - 2129. What is the highest common factor of a and 40?
40
Let u = -6376 + 6532. Let g be (-32)/(-6)*(-9)/(-2). What is the greatest common factor of g and u?
12
Let r be (1 + (-46)/10)*((-1605)/10 + -2). What is the highest common divisor of r and 315?
45
Let h(a) = 30*a + 113. Let x be h(12). Let y = 733 - x. What is the highest common divisor of y and 325?
65
Suppose -3*a + 12 = 0, -56*o + 24 = -52*o + 3*a. Let i(r) = r**3 + 9*r**2 - 2*r - 10. Let j be i(-9). What is the greatest common factor of o and j?
1
Let d be (4 - -1)*1 + -14. Let a be 1/((-8)/48) - d. What is the greatest common factor of 297 and a?
3
Suppose 5*m - 12*m + 188100 = 26*m. What is the highest common factor of 24 and m?
12
Let m be 2/(-5) - 786/(-15). Suppose 5*n = 314 + 686. Suppose -n = -f + m. What is the greatest common divisor of f and 28?
28
Let c be (-16)/(-120) - (-8)/15 - (-174)/9. Calculate the highest common factor of 7870 and c.
10
Let d be (-1264)/(-5) - (-2)/10. Suppose 0 = 27*s - 2*s - 275. What is the highest common divisor of s and d?
11
Let k(j) = -j**3 - 22*j**2 - 106*j + 15. Let y be k(-6). What is the greatest common divisor of y and 2400?
75
Let s be 22 - 4634/(-35) - 2/5. What is the greatest common factor of s and 5698?
154
Suppose 7*x - 52 = 6*x. Let l = -239 - -446. Suppose 0 = 4*y - 313 - l. Calculate the greatest common divisor of y and x.
26
Let m(z) = z**3 + 9*z**2 + 7*z - 6. Let y(o) = 0 - o - 14 + 0. Let q be y(-8). Let w be m(q). Calculate the highest common divisor of w and 15.
15
Suppose -41*q + 144 = -33*q. Let o(z) = 8*z - 121. Let u be o(q). What is the greatest common divisor of u and 23?
23
Let h be (160/12 - 8)/((-4)/(-6)). Calculate the highest common divisor of h and 16760.
8
Suppose 0 = -v + 4*v. Suppose d = 4*l - 411, 0 = -v*l - 3*l - 4*d + 332. Let i be (10/4)/(-5)*(-2 - 24). Calculate the greatest common factor of i and l.
13
Let r(c) be the third derivative of -9*c**4/8 + 19*c**3 + 4*c**2 - 5. Let t be r(4). What is the greatest common divisor of 2 and t?
2
Let r be (63/(-12))/(((-10)/(-320))/((-28)/42)). Calculate the greatest common factor of 3792 and r.
16
Let n be (84/273)/(2/13). Suppose -n*x - 3*x = 10, -2*f = -2*x - 78. What is the greatest common divisor of 592 and f?
37
Suppose 0 = -5*t - 5*b + 40, 2*t + 4*b = -0*b + 26. Let v be 1*10*t/6. Suppose v*z - 13*z = -160. What is the greatest common factor of 60 and z?
20
Let b be 265722/183 + (-4)/122. What is the highest common divisor of 1320 and b?
132
Let d be (-25 - -21)*(-3 + 0). Suppose -18 = -2*u + 5*i, -u + d = 10*i - 14*i. What is the highest common divisor of u and 188?
4
Let l(z) = z**3 + 31*z**2 + 31*z + 32. Let o be l(-30). Let u be 2*(1 + -2)*-22. Let i be o/4*u + -2. What is the greatest common factor of i and 15?
5
Let c(a) = 54*a - 1563. Let s be c(29). What is the highest common factor of s and 559?
1
Suppose 0 = 4*u - 5*h - 1661, 11*h + 18 = 9*h. Calculate the greatest common divisor of u and 32.
4
Suppose -113*t + 1538 = -2417. Suppose 4*j - 26 - 14 = 0. Calculate the highest common factor of j and t.
5
Suppose -19*c + 18*c = 6. Let r be (-1686)/15 + c/10. Let a = -95 - r. Calculate the highest common divisor of a and 72.
18
Suppose 0 = -4*t + 3*t + 2. Suppose 0 = 2*p + 5*b + 2 + 2, -2*b + t = 2*p. Let l be (-14)/(-1) - (2 - (-6)/p). What is the greatest common factor of 5 and l?
5
Let y be (-6)/21 - 259/(-49). Suppose -45 = -y*u + 10. Suppose -4*o + 241 = -u. Calculate the highest common divisor of 42 and o.
21
Suppose 6 = n - 4*n, -4*c + 754 = -n. Suppose -52 - c = -5*q. What is the greatest common divisor of q and 84?
12
Let p = -102 - -206. Let t be 16/p - 3699/(-39). Suppose -2*f + 3*n = -n - 58, -5*n + 32 = 3*f. Calculate the highest common divisor of t and f.
19
Let y = -30244 + 37017. Calculate the highest common divisor of y and 13.
13
Let n(q) = 386*q**3 - 43*q + 44. Let v be n(1). What is the greatest common factor of 162 and v?
9
Let f = 50 - -5. Let z = 168931 - 168926. What is the greatest common divisor of f and z?
5
Let z(m) = -4*m**2 - 111*m - 102. Let i be z(-26). Let j = 219 + -107. What is the highest common factor of i and j?
16
Suppose 4*a - 13 = -5*u, -12 - 22 = -5*u + 3*a. Let v be u + 48/2 - 1. What is the greatest common divisor of v and 231?
7
Suppose -8*z = -1537 - 4127. Let u = z - 423. What is the greatest common factor of 15 and u?
15
Let s = 28379 - 28340. Suppose -5*y + 6*x = x - 260, 3*y - 4*x = 156. Calculate the highest common divisor of y and s.
13
Suppose -4*j = -5*c + 1596, -c + 38*j + 324 = 36*j. Let s = c - 133. Calculate the greatest common divisor of 3 and s.
3
Let r(t) = -4*t**3 + 14*t**2 - 16*t - 177. Let w be r(-12). Calculate the highest common factor of 11 and w.
11
Suppose 7*f + 0*f - 896 = 0. Suppose 31*r - 184 = 8*r. Calculate the highest common divisor of f and r.
8
Suppose 20*f - 7*f = 65. Suppose -f*j - 29*j + 3264 = 0. Calculate the highest common divisor of 120 and j.
24
Let u(m) = 6*m**2 + 5*m - 6. Let g be u(2). Suppose 3*t - 30 - 30 = -5*r, r + g = t. What is the highest common divisor of 20 and t?
5
Let i be 382 - 3/((-9)/6). Let r = i + -383. What is the greatest common factor of r and 4?
1
Let f be (-286)/(-6) + 3/9 - -3. Let x = f - -13. Calculate the highest common factor of x and 4.
4
Suppose -52*v = -50*v + 6. Let q(s) = -5*s**3 - 4*s**2 - 7. Let u be q(v). Calculate the greatest common factor of u and 4.
4
Suppose -1797 = -56*c - 5. Suppose -4*q - 18 = -2*l, -3*l = 2*l - 5*q - 60. Let a be (0 + 60)*12/l. Calculate the greatest common factor of c and a.
16
Let a be -178 + -6 + (-5 - -11). Let n = 191 + a. Calculate the highest common factor of 208 and n.
13
Suppose 4*n = -20, 0*v - 5*n - 1786 = -3*v. Suppose -7*r + v = -344. Let t = 11 + 8. Calculate the gr